{"id":2011,"date":"2025-04-08T17:05:50","date_gmt":"2025-04-08T15:05:50","guid":{"rendered":"https:\/\/chiropraktik-oldenburg.de\/?page_id=2011"},"modified":"2026-02-12T10:06:37","modified_gmt":"2026-02-12T08:06:37","slug":"preise-und-faq","status":"publish","type":"page","link":"https:\/\/chiropraktik-oldenburg.de\/?page_id=2011","title":{"rendered":"Preise und Kassen"},"content":{"rendered":"\n<div class=\"wp-block-cover alignfull is-light has-parallax has-custom-content-position is-position-top-left\" style=\"min-height:700px;aspect-ratio:unset;\"><div class=\"wp-block-cover__image-background wp-image-2016 has-parallax\" style=\"background-position:50% 50%;background-image:url(https:\/\/chiropraktik-oldenburg.de\/wp-content\/uploads\/2025\/04\/pexels-maitree-rimthong-444156-1602726-scaled.jpg)\"><\/div><span aria-hidden=\"true\" class=\"wp-block-cover__background has-tertiary-background-color has-background-dim-30 has-background-dim\"><\/span><div class=\"wp-block-cover__inner-container is-layout-flow wp-block-cover-is-layout-flow\">\n<div class=\"wp-block-columns has-background is-layout-flex wp-container-core-columns-is-layout-28f84493 wp-block-columns-is-layout-flex\" style=\"border-radius:7px;background-color:#33333391\">\n<div class=\"wp-block-column is-layout-flow wp-block-column-is-layout-flow\">\n<p class=\"has-background-color has-text-color\" style=\"font-size:22px\">PREISE &amp; KRANKENKASSEN<\/p>\n<\/div>\n<\/div>\n<\/div><\/div>\n\n\n\n<p class=\"has-text-align-center has-text-color has-link-color wp-elements-2560edf66e0e19cbbcfb8a99b65a7c71\" style=\"color:#ab9a72;font-size:20px\"><strong><em>Erkundigen Sie sich \u00fcber unsere Preise, Bezahlm\u00f6glichkeiten und die Kosten\u00fcbernahmen durch Kassen. <\/em><\/strong><\/p>\n\n\n\n<div class=\"wp-block-columns alignfull has-background-color has-text-color has-background has-medium-font-size is-layout-flex wp-container-core-columns-is-layout-5c5cdacd wp-block-columns-is-layout-flex\" style=\"border-radius:7px;background:linear-gradient(90deg,rgba(51,51,51,0.83) 0%,rgb(51,51,51) 48%,rgba(51,51,51,0.83) 100%);padding-top:var(--wp--preset--spacing--20);padding-right:var(--wp--preset--spacing--20);padding-bottom:var(--wp--preset--spacing--20);padding-left:var(--wp--preset--spacing--20)\">\n<div class=\"wp-block-column is-layout-flow wp-block-column-is-layout-flow\">\n<p class=\"has-text-align-center\">PREISE und BEZAHLM\u00d6GLICHKEITEN<\/p>\n<\/div>\n<\/div>\n\n\n\n<div class=\"wp-block-columns alignwide is-layout-flex wp-container-core-columns-is-layout-28f84493 wp-block-columns-is-layout-flex\">\n<div class=\"wp-block-column is-layout-flow wp-block-column-is-layout-flow\">\n<div class=\"wp-block-media-text alignwide is-stacked-on-mobile\"><figure class=\"wp-block-media-text__media\"><img fetchpriority=\"high\" decoding=\"async\" width=\"1024\" height=\"759\" src=\"https:\/\/chiropraktik-oldenburg.de\/wp-content\/uploads\/2025\/04\/Kosten-rund-1024x759.png\" alt=\"\" class=\"wp-image-2031 size-full\" srcset=\"https:\/\/chiropraktik-oldenburg.de\/wp-content\/uploads\/2025\/04\/Kosten-rund-1024x759.png 1024w, https:\/\/chiropraktik-oldenburg.de\/wp-content\/uploads\/2025\/04\/Kosten-rund-300x222.png 300w, https:\/\/chiropraktik-oldenburg.de\/wp-content\/uploads\/2025\/04\/Kosten-rund-768x569.png 768w, https:\/\/chiropraktik-oldenburg.de\/wp-content\/uploads\/2025\/04\/Kosten-rund.png 1306w\" sizes=\"(max-width: 1024px) 100vw, 1024px\" \/><\/figure><div class=\"wp-block-media-text__content\">\n<p>Unsere Behandlungen werden nach der Heilpraktiker-Geb\u00fchrenordnung abgerechnet. Die Preise sind f\u00fcr alle Patienten gleich &#8211; keine Personengruppe wird bevorzugt oder benachteiligt.<\/p>\n\n\n\n<p><strong>Der erste Termin<\/strong>&nbsp;(ca. 30 Minuten)&nbsp;<strong>60\u20ac<\/strong><br><em>Anamnese, Untersuchungen, Erkl\u00e4rung der Diagnose und des Behandlungsplans, erste Behandlung<\/em><\/p>\n\n\n\n<p><strong>Weitere Termine <\/strong>(25-30 Minuten) je&nbsp;<strong>50\u20ac<\/strong><br><em>Untersuchung, ggf. Anpassung des Behandlungsplans, Behandlung<\/em><\/p>\n<\/div><\/div>\n\n\n\n<div class=\"wp-block-media-text alignwide has-media-on-the-right is-stacked-on-mobile\"><div class=\"wp-block-media-text__content\">\n<p class=\"has-text-align-center has-text-color has-link-color wp-elements-a2914362e3ebf28d9f35686f8ae0f0cb\" style=\"color:#ab9a72;font-size:22px\"><em> <strong>Schenken Sie Gesundheit<\/strong>!<\/em><\/p>\n\n\n\n<p class=\"has-text-align-left\" style=\"font-size:20px\">Wir bieten auch <strong>Gutscheine <\/strong>an. Fragen Sie gerne an der Rezeption und schenken Sie Ihren Lieben das Wertvollste &#8211; schenken Sie Gesundheit!<\/p>\n<\/div><figure class=\"wp-block-media-text__media\"><img decoding=\"async\" width=\"1024\" height=\"646\" src=\"https:\/\/chiropraktik-oldenburg.de\/wp-content\/uploads\/2025\/04\/Gutschein-rund-1024x646.png\" alt=\"\" class=\"wp-image-2029 size-full\" srcset=\"https:\/\/chiropraktik-oldenburg.de\/wp-content\/uploads\/2025\/04\/Gutschein-rund-1024x646.png 1024w, https:\/\/chiropraktik-oldenburg.de\/wp-content\/uploads\/2025\/04\/Gutschein-rund-300x189.png 300w, https:\/\/chiropraktik-oldenburg.de\/wp-content\/uploads\/2025\/04\/Gutschein-rund-768x484.png 768w, https:\/\/chiropraktik-oldenburg.de\/wp-content\/uploads\/2025\/04\/Gutschein-rund-1536x969.png 1536w, https:\/\/chiropraktik-oldenburg.de\/wp-content\/uploads\/2025\/04\/Gutschein-rund.png 1914w\" sizes=\"(max-width: 1024px) 100vw, 1024px\" \/><\/figure><\/div>\n\n\n\n<div class=\"wp-block-media-text alignwide is-stacked-on-mobile\"><figure class=\"wp-block-media-text__media\"><img decoding=\"async\" width=\"1024\" height=\"683\" src=\"https:\/\/chiropraktik-oldenburg.de\/wp-content\/uploads\/2025\/04\/Zahlungen-rund-1024x683.png\" alt=\"\" class=\"wp-image-2033 size-full\" srcset=\"https:\/\/chiropraktik-oldenburg.de\/wp-content\/uploads\/2025\/04\/Zahlungen-rund-1024x683.png 1024w, https:\/\/chiropraktik-oldenburg.de\/wp-content\/uploads\/2025\/04\/Zahlungen-rund-300x200.png 300w, https:\/\/chiropraktik-oldenburg.de\/wp-content\/uploads\/2025\/04\/Zahlungen-rund-768x512.png 768w, https:\/\/chiropraktik-oldenburg.de\/wp-content\/uploads\/2025\/04\/Zahlungen-rund.png 1080w\" sizes=\"(max-width: 1024px) 100vw, 1024px\" \/><\/figure><div class=\"wp-block-media-text__content\">\n<p>Die folgenden drei <strong>Bezahlm\u00f6glichkeiten <\/strong>bieten wir in unserer Praxis an &#8211; entscheiden Sie selbst:<\/p>\n\n\n\n<ul class=\"wp-block-list\">\n<li>vor Ort mit Ihrer&nbsp;<strong>EC-Karte<\/strong>\/<strong>Handy<\/strong><\/li>\n\n\n\n<li>per&nbsp;<strong>Rechnung<\/strong>&nbsp;(\u00dcberweisung)<\/li>\n\n\n\n<li>vor Ort in&nbsp;<strong>BAR<\/strong>*<\/li>\n<\/ul>\n\n\n\n<p class=\"has-small-font-size\"><em>*Bitte haben Sie Verst\u00e4ndnis daf\u00fcr, dass wir bei gr\u00f6\u00dferen Betr\u00e4gen EC-Zahlung oder \u00dcberweisung bevorzugen.<\/em><\/p>\n<\/div><\/div>\n<\/div>\n<\/div>\n\n\n\n<div class=\"wp-block-columns alignfull has-background-color has-text-color has-background has-medium-font-size is-layout-flex wp-container-core-columns-is-layout-5c5cdacd wp-block-columns-is-layout-flex\" style=\"border-radius:7px;background:linear-gradient(90deg,rgba(51,51,51,0.83) 0%,rgb(51,51,51) 48%,rgba(51,51,51,0.83) 100%);padding-top:var(--wp--preset--spacing--20);padding-right:var(--wp--preset--spacing--20);padding-bottom:var(--wp--preset--spacing--20);padding-left:var(--wp--preset--spacing--20)\">\n<div class=\"wp-block-column is-layout-flow wp-block-column-is-layout-flow\">\n<p class=\"has-text-align-center\">KOSTEN\u00dcBERNAHMEN der KASSEN<\/p>\n<\/div>\n<\/div>\n\n\n\n<div class=\"wp-block-columns alignwide is-layout-flex wp-container-core-columns-is-layout-28f84493 wp-block-columns-is-layout-flex\">\n<div class=\"wp-block-column is-vertically-aligned-center is-layout-flow wp-block-column-is-layout-flow\">\n<p>Wir rechnen direkt mit Ihnen und nicht mit Ihrer Kasse ab. Da wir jedoch <strong>DCG-Mitglied<\/strong> und eine <strong>Heilpraktiker-Praxis<\/strong> sind, bei der <strong>studierte Chiropraktoren<\/strong> behandeln, <em>erstatten <\/em>Ihnen viele Kassen Gro\u00dfteile der Kosten unserer Behandlungen.<\/p>\n\n\n\n<p>Dazu z\u00e4hlen nicht nur die meisten&nbsp;<strong>privaten Krankenkassen<\/strong> und <strong>staatlichen Beihilfestellen<\/strong>;&nbsp;auch immer mehr&nbsp;<strong>gesetzliche Kassen<\/strong>&nbsp;erkennen den Wert chiropraktischer Behandlungen.<\/p>\n\n\n\n<p>Schauen Sie in der <strong><em>\u00dcbersicht<\/em><\/strong>, wie <em>Ihre <\/em>Kasse Sie unterst\u00fctzt. <\/p>\n\n\n\n<p class=\"has-text-align-left has-small-font-size\"><em>*Alle Angaben ohne Gew\u00e4hr!<\/em><\/p>\n<\/div>\n\n\n\n<div class=\"wp-block-column is-vertically-aligned-center is-layout-flow wp-block-column-is-layout-flow\" style=\"flex-basis:45%\">\n<p class=\"has-text-align-center has-text-color has-link-color has-medium-font-size wp-elements-29c6669a510c44a5bef91a6cf8ddaff1\" style=\"color:#ab9a72\"><strong><em>\u00dcbersicht<\/em><\/strong><\/p>\n\n\n<style type=\"text\/css\">\r\n\t#foogallery-gallery-1684 .fg-image {\r\n        width: 300px;\r\n    }\r\n<\/style>\r\n\t\t\t\t<div class=\"foogallery foogallery-container foogallery-default foogallery-lightbox-foobox fg-gutter-0 fg-center fg-m-col1 fg-default fg-light fg-border-thin fg-round-medium fg-shadow-outline fg-loading-trail fg-loaded-fade-in fg-hover-zoomed fg-caption-hover fg-hover-fade fg-hover-zoom fg-ready\" id=\"foogallery-gallery-1684\" data-foogallery=\"{&quot;item&quot;:{&quot;showCaptionTitle&quot;:true,&quot;showCaptionDescription&quot;:true},&quot;lazy&quot;:true}\" >\r\n\t<div class=\"fg-item fg-type-image fg-idle\"><figure class=\"fg-item-inner\"><a href=\"https:\/\/chiropraktik-oldenburg.de\/wp-content\/uploads\/2024\/08\/KK-erstatten-HP.png\" data-attachment-id=\"2750\" class=\"fg-thumb\"><span class=\"fg-image-wrap\"><img decoding=\"async\" width=\"300\" height=\"300\" class=\"skip-lazy fg-image\" data-src-fg=\"https:\/\/chiropraktik-oldenburg.de\/wp-content\/uploads\/cache\/2024\/08\/KK-erstatten-HP\/697570696.png\" src=\"data:image\/svg+xml,%3Csvg%20xmlns%3D%22http%3A%2F%2Fwww.w3.org%2F2000%2Fsvg%22%20width%3D%22300%22%20height%3D%22300%22%20viewBox%3D%220%200%20300%20300%22%3E%3C%2Fsvg%3E\" loading=\"eager\"><\/span><span class=\"fg-image-overlay\"><\/span><\/a><figcaption class=\"fg-caption\"><div class=\"fg-caption-inner\"><\/div><\/figcaption><\/figure><div class=\"fg-loader\"><\/div><\/div><\/div>\r\n<\/div>\n<\/div>\n\n\n\n<div class=\"wp-block-columns alignwide is-layout-flex wp-container-core-columns-is-layout-28f84493 wp-block-columns-is-layout-flex\">\n<div class=\"wp-block-column is-layout-flow wp-block-column-is-layout-flow\">\n<p class=\"has-text-align-center has-text-color has-link-color wp-elements-7bcf3fde0cf63e42ce6a8cac8bef91cd\" style=\"color:#ab9a72;font-size:20px\"><strong><em>Darum unterst\u00fctzt Sie Ihre Krankenkasse<\/em><\/strong><\/p>\n\n\n\n<p class=\"has-text-align-left\">Viele Kassen haben erkannt, dass unsere Behandlungen nicht nur Beschwerden <em>lindern<\/em>, sondern auch eine <em>pr\u00e4ventive <\/em>und somit <em>gesunderhaltende <\/em>Funktion haben. Kurz: Wer <em>regelm\u00e4\u00dfig <\/em>zum Chiropraktoren geht, hat weniger Beschwerden und ist seltener krank. Das ist nicht nur gut f\u00fcr Sie, sondern am Ende auch g\u00fcnstiger f\u00fcr die Krankenkasse. Eine <strong>Win-Win Situation<\/strong> f\u00fcr Sie <em>und <\/em>Ihre Versicherung.<\/p>\n\n\n\n<p>Die vorgeschlagene Anzahl an Terminen sollten Sie pro Jahr also mind. wahrnehmen. Exemplarisch gibt die folgende <strong>Auswahl<\/strong> etwas <em>detaillierter<\/em> Tipps, wie Sie die Erstattungen bestm\u00f6glich f\u00fcr Ihre Gesundheit nutzen k\u00f6nnen:<\/p>\n<\/div>\n<\/div>\n\n\n\n<div class=\"wp-block-media-text alignwide has-media-on-the-right is-stacked-on-mobile\" style=\"grid-template-columns:auto 40%\"><div class=\"wp-block-media-text__content\">\n<p class=\"has-text-align-center\" style=\"font-size:22px\"><strong>Beispiel 1 &#8211; Debeka &amp; NLBV<br><\/strong>(<em>privat mit Beihilfe<\/em>)<\/p>\n\n\n\n<p class=\"has-text-align-left\" style=\"font-size:18px\"><strong>Unser Tipp:<\/strong> <em>Sie sind z.B. <strong>Lehrer<\/strong>? Gute Nachrichten f\u00fcr Sie: Ihre Versicherer haben voll erkannt, dass Sie durch unsere Behandlungen rundum ges\u00fcnder und beschwerdefreier sind und erstatten Ihnen daher nahezu <strong>100% der Kosten<\/strong>. Kommen Sie also <strong>regelm\u00e4\u00dfig <\/strong>vorbei!<\/em><\/p>\n<\/div><figure class=\"wp-block-media-text__media\"><img loading=\"lazy\" decoding=\"async\" width=\"1024\" height=\"709\" src=\"https:\/\/chiropraktik-oldenburg.de\/wp-content\/uploads\/2025\/04\/1-2-1024x709.png\" alt=\"\" class=\"wp-image-2051 size-full\" srcset=\"https:\/\/chiropraktik-oldenburg.de\/wp-content\/uploads\/2025\/04\/1-2-1024x709.png 1024w, https:\/\/chiropraktik-oldenburg.de\/wp-content\/uploads\/2025\/04\/1-2-300x208.png 300w, https:\/\/chiropraktik-oldenburg.de\/wp-content\/uploads\/2025\/04\/1-2-768x532.png 768w, https:\/\/chiropraktik-oldenburg.de\/wp-content\/uploads\/2025\/04\/1-2.png 1300w\" sizes=\"(max-width: 1024px) 100vw, 1024px\" \/><\/figure><\/div>\n\n\n\n<div class=\"wp-block-media-text alignwide is-stacked-on-mobile\" style=\"grid-template-columns:40% auto\"><figure class=\"wp-block-media-text__media\"><img loading=\"lazy\" decoding=\"async\" width=\"1300\" height=\"900\" src=\"https:\/\/chiropraktik-oldenburg.de\/wp-content\/uploads\/2026\/02\/Beispiele-KK-Erstattungen.png\" alt=\"\" class=\"wp-image-2746 size-full\" srcset=\"https:\/\/chiropraktik-oldenburg.de\/wp-content\/uploads\/2026\/02\/Beispiele-KK-Erstattungen.png 1300w, https:\/\/chiropraktik-oldenburg.de\/wp-content\/uploads\/2026\/02\/Beispiele-KK-Erstattungen-500x346.png 500w, https:\/\/chiropraktik-oldenburg.de\/wp-content\/uploads\/2026\/02\/Beispiele-KK-Erstattungen-768x532.png 768w\" sizes=\"(max-width: 1300px) 100vw, 1300px\" \/><\/figure><div class=\"wp-block-media-text__content\">\n<p class=\"has-text-align-center\" style=\"font-size:22px\"><strong>Beispiel 2 &#8211; AOK Niedersachsen<br><\/strong>(<em>gesetzlich<\/em>)<\/p>\n\n\n\n<p class=\"has-text-align-left\" style=\"font-size:18px\"><strong>Unser Tipp:<\/strong> <em>Bei <strong>4 Terminen pro Jahr<\/strong> unterst\u00fctzt Sie die AOK Nds. somit mit <strong>160\u20ac<\/strong> von 200\u20ac! Sie k\u00f6nnen also <strong>alle 3 Monate<\/strong> einen Termin in Anspruch nehmen, sind <strong>rundum versorgt<\/strong> und zahlen effektiv nur <strong>40\u20ac \/ Jahr<\/strong>. Worauf warten Sie? Wir sind f\u00fcr Sie da!<\/em><\/p>\n<\/div><\/div>\n\n\n\n<div class=\"wp-block-media-text alignwide has-media-on-the-right is-stacked-on-mobile\" style=\"grid-template-columns:auto 40%\"><div class=\"wp-block-media-text__content\">\n<p class=\"has-text-align-center\" style=\"font-size:22px\"><strong>Beispiel 3 &#8211; BKK EWE<br><\/strong>(<em>gesetzlich<\/em>)<\/p>\n\n\n\n<p class=\"has-text-align-left\" style=\"font-size:18px\"><strong>Unser Tipp:<\/strong> <em>Sie arbeiten bei der EWE, sind aber noch nicht bei der BKK EWE versichert? Dann nichts wie hin! Denn f\u00fcr die ersten <strong>6 Termine im Jahr<\/strong> zahlen Sie dann jeweils nur <strong>5\u20ac <\/strong>selbst. Wirklich ein starker Partner an Ihrer Seite!<\/em><\/p>\n<\/div><figure class=\"wp-block-media-text__media\"><img loading=\"lazy\" decoding=\"async\" width=\"1024\" height=\"709\" src=\"https:\/\/chiropraktik-oldenburg.de\/wp-content\/uploads\/2025\/04\/3-2-1024x709.png\" alt=\"\" class=\"wp-image-2053 size-full\" srcset=\"https:\/\/chiropraktik-oldenburg.de\/wp-content\/uploads\/2025\/04\/3-2-1024x709.png 1024w, https:\/\/chiropraktik-oldenburg.de\/wp-content\/uploads\/2025\/04\/3-2-300x208.png 300w, https:\/\/chiropraktik-oldenburg.de\/wp-content\/uploads\/2025\/04\/3-2-768x532.png 768w, https:\/\/chiropraktik-oldenburg.de\/wp-content\/uploads\/2025\/04\/3-2.png 1300w\" sizes=\"(max-width: 1024px) 100vw, 1024px\" \/><\/figure><\/div>\n\n\n\n<div style=\"height:50px\" aria-hidden=\"true\" class=\"wp-block-spacer\"><\/div>\n","protected":false},"excerpt":{"rendered":"<p>Erkundigen Sie sich \u00fcber unsere Preise, Bezahlm\u00f6glichkeiten und die Kosten\u00fcbernahmen durch Kassen. PREISE und BEZAHLM\u00d6GLICHKEITEN Unsere Behandlungen werden nach der Heilpraktiker-Geb\u00fchrenordnung abgerechnet. Die Preise sind f\u00fcr alle Patienten gleich &#8211; keine Personengruppe wird bevorzugt oder benachteiligt. Der erste Termin&nbsp;(ca. 30 Minuten)&nbsp;60\u20acAnamnese, Untersuchungen, Erkl\u00e4rung der Diagnose und des Behandlungsplans, erste Behandlung Weitere Termine (25-30 Minuten) je&nbsp;50\u20acUntersuchung, [&hellip;]<\/p>\n","protected":false},"author":1,"featured_media":0,"parent":0,"menu_order":0,"comment_status":"closed","ping_status":"closed","template":"page-without-title","meta":{"_themeisle_gutenberg_block_has_review":false,"footnotes":""},"class_list":["post-2011","page","type-page","status-publish","hentry"],"_links":{"self":[{"href":"https:\/\/chiropraktik-oldenburg.de\/index.php?rest_route=\/wp\/v2\/pages\/2011","targetHints":{"allow":["GET"]}}],"collection":[{"href":"https:\/\/chiropraktik-oldenburg.de\/index.php?rest_route=\/wp\/v2\/pages"}],"about":[{"href":"https:\/\/chiropraktik-oldenburg.de\/index.php?rest_route=\/wp\/v2\/types\/page"}],"author":[{"embeddable":true,"href":"https:\/\/chiropraktik-oldenburg.de\/index.php?rest_route=\/wp\/v2\/users\/1"}],"replies":[{"embeddable":true,"href":"https:\/\/chiropraktik-oldenburg.de\/index.php?rest_route=%2Fwp%2Fv2%2Fcomments&post=2011"}],"version-history":[{"count":92,"href":"https:\/\/chiropraktik-oldenburg.de\/index.php?rest_route=\/wp\/v2\/pages\/2011\/revisions"}],"predecessor-version":[{"id":2749,"href":"https:\/\/chiropraktik-oldenburg.de\/index.php?rest_route=\/wp\/v2\/pages\/2011\/revisions\/2749"}],"wp:attachment":[{"href":"https:\/\/chiropraktik-oldenburg.de\/index.php?rest_route=%2Fwp%2Fv2%2Fmedia&parent=2011"}],"curies":[{"name":"wp","href":"https:\/\/api.w.org\/{rel}","templated":true}]}}